n divisor of i and g.
26
Let a(i) = i**3 - 7*i**2 + 5*i - 2. Let m be a(3). Let y = 28 + m. Calculate the greatest common divisor of y and 8.
1
Let i(g) = -4*g. Suppose -3*u + 2*u = 0. Let l be i(u). Suppose l = h + 5*h - 30. What is the greatest common factor of h and 45?
5
Suppose 0 = -4*z + 46 - 6. Let t = 47 + -41. Calculate the highest common factor of t and z.
2
Let l = 2376 + -2366. What is the highest common divisor of l and 1365?
5
Let s be 143 + (-10)/(-100)*170. Calculate the highest common factor of 30 and s.
10
Suppose -3*d = -5*t + 17, -25 = -2*d + 7*d - 5*t. Let y be (-1 - (-12)/d) + 12. Let b be (2 - 1)/(4/y). What is the highest common factor of b and 6?
2
Let j be 22/8 + (-5320)/(-160) + -12. Calculate the highest common divisor of 1026 and j.
6
Suppose -2549*z - 1820 = -2562*z. Calculate the highest common divisor of z and 1130.
10
Let w(d) = -d**3 + 5*d**2 + 3*d - 10. Let g be w(5). Suppose 981 = g*i - 569. Suppose -4*r = -i + 54. Calculate the highest common divisor of r and 32.
32
Suppose 0 = 175*u - 190*u + 1319 + 31. Let p(q) = -27*q**3 - q**2 + q + 1. Let h be p(-1). Let m = 36 - h. What is the greatest common divisor of m and u?
10
Suppose -210*n - 4*y = -211*n - 6, 0 = 2*n - 3*y - 3. Let t(g) = -3*g**3 - g**2 - g. Let s be t(-1). Calculate the greatest common divisor of s and n.
3
Let d be 163 + (-8)/4*1. Let w be 54*(-4)/8*-1. Suppose -y + w = -2*u + 3*u, 0 = 3*u + 2*y - 77. Calculate the greatest common divisor of u and d.
23
Let i = 4 - -4. Let d be (84/(-54))/7 - 492/(-27). Suppose 5*h = 3*p - d, 2*p - 5*h + i*h - 12 = 0. What is the greatest common factor of 2 and p?
2
Let n be 1432/49404 - 29323/(-69). What is the highest common divisor of 51 and n?
17
Let o(l) = 2*l**2 - 88*l + 134. Let d be o(43). What is the highest common divisor of d and 564?
12
Suppose -i - 4*m = -13, -4*m + 3*m = -5*i + 44. Let r = i - 6. Let w(n) = 2*n + 6. Let j be w(r). Calculate the highest common factor of j and 24.
12
Let o(m) = 5*m + 10. Let r be o(5). Let s(l) = -30*l**2 - 1. Let u be s(-1). Let c = r + u. Calculate the greatest common divisor of 4 and c.
4
Let p = 263 + 199. Let f be (p/24)/(1/24). What is the highest common divisor of f and 66?
66
Let v be -4 + 9 + (-13 - 4)*-110. Calculate the highest common divisor of v and 15.
15
Let b be 1 + 103 + -6 + 0. Suppose -164 = -12*s + 424. Calculate the greatest common factor of s and b.
49
Let g = 45 + 19. Let m be 1/(-4) + (-16016)/(-64) + 6. What is the greatest common factor of m and g?
64
Suppose 170 = 10*c - 60. Let j(r) = r - 11. Let m be j(c). Let k = 41 + 55. Calculate the greatest common factor of m and k.
12
Let h = -7798 + 7826. Calculate the greatest common divisor of h and 4326.
14
Let y = 4 + 14. Let n(m) = -m - 16. Let r(t) = -14*t - 6. Let z be r(1). Let o be n(z). Calculate the greatest common factor of y and o.
2
Suppose 15*u - 26*u = 11. Let l = u - -101. Let w(h) = -h**3 - 2*h**2 + 3*h + 5. Let o be w(-4). Calculate the greatest common factor of o and l.
25
Suppose -2*b = -5*l + 56, 0 = 11*b - 9*b + 6. Let c = 73 - 23. What is the greatest common divisor of l and c?
10
Let f = 455 + -420. Calculate the greatest common divisor of 189 and f.
7
Let f(n) = -n - 9. Let t be f(19). Let r be (-9)/(-6) + t/8. Let o = 97 + r. Calculate the highest common divisor of o and 38.
19
Suppose -1229*m + 377 = -1200*m. Calculate the greatest common factor of 7059 and m.
13
Let i(y) = -y**2 - 15*y + 3. Let k be i(-15). Suppose -24 + 9 = -5*w, -k*h + 300 = -4*w. Calculate the greatest common divisor of 8 and h.
8
Suppose 5813 = 150*r - 7687. Calculate the greatest common factor of r and 710.
10
Suppose -43*q = -42*q - 1, 2*q - 578 = -4*a. What is the highest common factor of 4464 and a?
144
Suppose 0 = b + i + 4*i + 160, 4*b - 5*i + 640 = 0. Let w = b + 260. Suppose -w = -4*o + 12. Calculate the highest common factor of 70 and o.
14
Let p be 7*20/210 - 458/(-6). Let s = p + -36. Calculate the greatest common factor of s and 451.
41
Suppose 2*l = -5*v + 228, -18*l = -4*v - 13*l + 156. Let q be ((-1)/(-3))/(2/6). Let w be (-45)/(-1) + q/(-1). Calculate the greatest common factor of w and v.
44
Let q be (1134/105)/((-9)/210). Let h = q + 525. Calculate the greatest common divisor of 39 and h.
39
Let f(w) = -2*w**2 - 107*w + 169. Let u be f(-55). Calculate the highest common factor of 50 and u.
2
Suppose -20*m - 6*m + 160160 = 0. Suppose -31*t + 20885 = m. Calculate the greatest common factor of t and 19.
19
Let j(v) be the second derivative of -4*v**3/3 + v - 42. Let w be j(-1). Suppose -c = -6 - 14. What is the highest common divisor of c and w?
4
Suppose 0 = -2*j - 4*p + 606, 0 = -5*j - 4*p + 1351 + 170. What is the highest common factor of 671 and j?
61
Let m(x) = 69*x + 8317. Let g be m(-114). Calculate the highest common factor of g and 55.
11
Let r be -3 - (3 + -3) - 107/2*-2. Calculate the highest common divisor of r and 4108.
52
Let g = 1087 - 582. Suppose 0 = 507*t - g*t - 740. What is the greatest common divisor of t and 74?
74
Suppose 3*u - s - 11 = 6*u, -5*u - 35 = 5*s. Let l be -48 + 135 - (u + 1). Calculate the greatest common divisor of l and 16.
8
Let t(p) be the first derivative of -40 - 61*p - 25/2*p**2. Let c be t(-9). What is the greatest common factor of c and 41?
41
Let m(v) = -6*v**3 - 4*v**2 - 2*v. Let h be m(-2). Suppose 0 = 85*i - 76*i + 9. Let l be (i - -2 - -54) + 5. Calculate the greatest common divisor of h and l.
12
Suppose -284 = -5*k - 2*z, -94*k - z + 58 = -93*k. Let f be ((-216)/(-20))/((-3)/(-70)). What is the highest common factor of f and k?
28
Suppose 2*q + 73*p - 349 = 72*p, 352 = 2*q + 4*p. Calculate the highest common divisor of q and 27.
3
Suppose -5229*z + 5219*z = -80. Calculate the highest common factor of z and 800.
8
Let x = 6946 - 6852. What is the greatest common factor of 235 and x?
47
Let k(m) be the third derivative of 11*m**4/12 + m**3/3 + m**2 - 23*m. Let f be k(0). Calculate the highest common factor of f and 3.
1
Let d(z) = 1290*z**2 + z - 1289*z**2 + 10*z + 64. Let j be d(-16). What is the highest common factor of j and 16?
16
Suppose 3*l - 1817 = -5*r, l = -5*r + 640 + 1179. Calculate the highest common divisor of r and 700.
28
Suppose -8*t + 3870 = 31*t - 2331. What is the greatest common divisor of 30687 and t?
159
Let h be (-1050)/6*(420/50 + -9). Calculate the highest common factor of h and 185.
5
Let s(k) = -17*k**3 - 14*k**2 - 18*k + 2. Let z be s(-2). What is the highest common factor of z and 5782?
118
Suppose o + 0*o - 161 = -2*k, -5*k - 161 = -o. Let q be (-46)/o + (-551)/7*1. Let p = q + 129. What is the highest common divisor of p and 40?
10
Let y = 25316 - 25313. What is the greatest common factor of 723 and y?
3
Let g = 35253 - 34047. What is the highest common factor of g and 1474?
134
Let c be (-24)/20*(-2795)/39. Calculate the greatest common factor of 2150 and c.
86
Let b = 721 - 718. Let p be 690/(-12)*(-8 + 0). Suppose -5*t + p = 2*n, -b*n + 2*t + 363 = -308. What is the greatest common divisor of 9 and n?
9
Suppose -5*r = -20, o - 35 = 2*r - 7*r. Let a(i) = 23*i + 27*i + 59 - 43*i. Let p be a(-7). What is the highest common divisor of p and o?
5
Let m be (-224)/(-10) - (6 - 132/20). Let c(b) = b - 5. Let k be c(6). Let l be -23*(-7 + k - -3). Calculate the highest common factor of m and l.
23
Let l be 1/(-3 + 76/24). Let g be ((-74)/10 - -8) + 1107/5. Suppose 3*v - 5*y = -3*y + g, 2*y - 354 = -5*v. Calculate the greatest common factor of l and v.
6
Let z = 558 - 553. Let q(w) = 6*w**2 + 17*w - 53. Let c be q(z). What is the highest common factor of c and 130?
26
Let o = 32041 + -32024. Suppose 0*y + 4*y = 4012. What is the greatest common divisor of y and o?
17
Let m = -9388 + 10956. Calculate the highest common factor of 42 and m.
14
Let r = -544 - -565. Let f be (48/6 - 1)*36/r. Calculate the greatest common factor of f and 192.
12
Let q = -11179 - -11323. What is the highest common factor of 171 and q?
9
Suppose -5*a - 3*m + 24 = 0, -2*a + 18 = -508*m + 512*m. Let h(d) = -d**2 - 9*d + 3. Let f be h(-9). Calculate the greatest common factor of a and f.
3
Let t(z) = 2*z**3 + 8*z**2 + 74*z + 57. Let w be t(13). What is the greatest common factor of 165 and w?
165
Let h be (18416 - 1)/(16 - (28 + -4 